{"id":3951,"date":"2022-02-22T08:32:28","date_gmt":"2022-02-22T12:32:28","guid":{"rendered":"https:\/\/logos.edu.do\/wp21\/?page_id=3951"},"modified":"2025-09-08T11:16:22","modified_gmt":"2025-09-08T15:16:22","slug":"politicas-de-admisiones","status":"publish","type":"page","link":"https:\/\/logos.edu.do\/wp21\/politicas-de-admisiones\/","title":{"rendered":"Pol\u00edticas de Admisiones"},"content":{"rendered":"<p>[vc_row][vc_column][stm_spacing lg_spacing=\u00bb30&#8243; md_spacing=\u00bb20&#8243; sm_spacing=\u00bb10&#8243; xs_spacing=\u00bb10&#8243;][\/vc_column][\/vc_row][vc_row][vc_column][vc_column_text]<\/p>\n<h2>Pol\u00edtica sobre no discriminaci\u00f3n hacia estudiantes y\/o empleados<\/h2>\n<p>El Colegio Cristiano Logos admite estudiantes de toda raza, color, nacionalidad u origen \u00e9tnico, a todos los derechos, privilegios, programas y actividades que est\u00e1n disponibles en la escuela. No discrimina en la base de raza, color, nacionalidad u origen \u00e9tnico, en la administraci\u00f3n de sus pol\u00edticas educativas, pol\u00edticas de admisi\u00f3n, programa atl\u00e9tico o cualquier otro programa administrado por la instituci\u00f3n.<\/p>\n<p>LOGOS emplea administradores, directores, asistentes, auxiliares y profesores, de cualquier raza, color, nacionalidad u origen \u00e9tnico.<\/p>\n<h2>Pol\u00edtica sobre Admisiones<\/h2>\n<p>En cumplimiento con nuestra misi\u00f3n de <strong><em>asistir a padres cristianos en la tarea de entrenar efectivamente a sus hijos para esta vida y la venidera<\/em><\/strong>, requerimos que al menos uno de los padres y\/o tutor legal de todo solicitante se identifique como un creyente nacido de nuevo, que haya dado frutos de genuina conversi\u00f3n, as\u00ed como una involucraci\u00f3n activa en una iglesia cristiana evang\u00e9lica local.<\/p>\n<p>Como evidencia de este aspecto, se solicitar\u00e1 una <strong>Referencia Pastoral<\/strong> al padre\/madre\/tutor que funja como guardi\u00e1n y viva con el o los solicitantes. En este documento, sus pastores testificar\u00e1n del conocimiento de la fe y compromiso con la iglesia de al menos uno de los padres o tutor responsable. Este documento es el requisito principal para iniciar el proceso de evaluaci\u00f3n del estudiante que aplica.<\/p>\n<h4><strong>Requisitos de Edad<\/strong><\/h4>\n<p>El programa acad\u00e9mico del Colegio Cristiano Logos inicia con Pre-primario en el cual es requerido que los ni\u00f1os tengan 5 a\u00f1os de edad antes del 31 de diciembre del a\u00f1o al cual consideran aplicar.<\/p>\n<h4><strong>Inclusi\u00f3n<\/strong><\/h4>\n<p>LOGOS procura servir a padres cristianos en el entrenamiento de sus hijos con necesidades f\u00edsicas o educativas especiales. Para la inclusi\u00f3n de \u00e9stos, se considerar\u00e1 los recursos que el colegio dispone, as\u00ed como la contribuci\u00f3n que la familia pueda hacer.<\/p>\n<p>Como regla general, tenemos cupo para dos estudiantes con necesidades educativas especiales por grado. No obstante, para la admisi\u00f3n de estudiantes con este tipo de necesidad, tambi\u00e9n consideramos la situaci\u00f3n educativa del grado y deliberamos si nos ser\u00eda posible dar un buen servicio a este estudiante y al resto del grupo. Solamente podemos recibir estudiantes de Pre-Primario a Tercer grado de Primaria. A partir de Cuarto grado de Primaria no podremos admitir nuevos estudiantes con esta condici\u00f3n.<\/p>\n<h4><strong>Matriculaci\u00f3n<\/strong><\/h4>\n<p>Logos tiene como intenci\u00f3n servir a todo el Reino de Dios, por lo que hace un esfuerzo en hacer accesible una educaci\u00f3n cristiana de excelencia a familias de un amplio rango de ingresos econ\u00f3micos. Por tal raz\u00f3n, para la cotizaci\u00f3n de la matriculaci\u00f3n y escolaridad de cada estudiante tomamos en cuenta los ingresos de cada familia.<\/p>\n<h2>Pol\u00edtica sobre consumo de alcohol y sustancias prohibidas<\/h2>\n<p>Para el mantenimiento de una atm\u00f3sfera adecuada a nuestra visi\u00f3n, el Colegio Cristiano Logos entiende necesario prohibir a los alumnos el uso de sustancias alcoh\u00f3licas o de otra naturaleza, i. e. narc\u00f3ticas, nicotina, etc., que pongan en riesgo la salud f\u00edsica y emocional del\/os (as) alumno (a)\/s.<\/p>\n<p>En caso de que un estudiante se exponga a cualquiera de estas sustancias, la instituci\u00f3n se ver\u00e1 en la necesidad de iniciar un proceso disciplinario que pudiera culminar con la expulsi\u00f3n del alumno en cualquier momento que se estime necesario durante el proceso.<\/p>\n<p>Todo estudiante que ingrese al nivel de Secundaria deber\u00e1 firmar un documento juntamente con sus padres, comprometi\u00e9ndose delante de Dios y de la escuela a abstenerse del uso de estas sustancias.<\/p>\n<h2>Pol\u00edtica sobre viajes misioneros<\/h2>\n<p><strong>PRECEDENTE<\/strong>: Entendiendo que parte integral de nuestra visi\u00f3n y misi\u00f3n es desarrollar estudiantes con el mismo sentir de Cristo Jes\u00fas, quien no vino \u201ca ser servido sino a servir\u201d (Mr. 10:45), la escuela se ha comprometido con el desarrollo de obras que beneficien a los m\u00e1s necesitados.\u00a0 Estas se llevan a cabo de manera concreta con instituciones de beneficencia, y requieren que los alumnos asistan a actividades programadas fuera del recinto escolar.<\/p>\n<p>La Junta Directiva entiende que la participaci\u00f3n de los estudiantes en estas actividades es necesaria y por tanto mandatoria.\u00a0 En caso de no cumplirse esta disposici\u00f3n, afectar\u00e1 la continuidad del alumno en la instituci\u00f3n, mayormente del nivel de Secundaria.<\/p>\n<p>En este sentido, se han establecido las siguientes reglamentaciones:<\/p>\n<ul>\n<li>Todo estudiante de 5to. Secundaria, previo al inicio del a\u00f1o escolar, debe firmar un documento en el cual se compromete a participar de las actividades programadas en el \u00e1rea de asistencia social.\u00a0 La no participaci\u00f3n en estas actividades sin una excusa v\u00e1lida aprobada previamente por la Direcci\u00f3n de la escuela, autom\u00e1ticamente impedir\u00eda la inscripci\u00f3n del alumno para el pr\u00f3ximo a\u00f1o escolar.<\/li>\n<li>Los estudiantes de 6to. Secundaria deber\u00e1n asistir a las actividades de asistencia social programadas por la escuela.\u00a0 Su no participaci\u00f3n conllevar\u00e1 una suspensi\u00f3n durante una semana a la escuela, as\u00ed como la no participaci\u00f3n en el acto de graduaci\u00f3n de fin de a\u00f1o escolar.<\/li>\n<\/ul>\n<p>[\/vc_column_text][\/vc_column][\/vc_row]<\/p>\n","protected":false},"excerpt":{"rendered":"<p>[vc_row][vc_column][stm_spacing lg_spacing=\u00bb30&#8243; md_spacing=\u00bb20&#8243; sm_spacing=\u00bb10&#8243; xs_spacing=\u00bb10&#8243;][\/vc_column][\/vc_row][vc_row][vc_column][vc_column_text] Pol\u00edtica sobre no discriminaci\u00f3n hacia estudiantes y\/o empleados El Colegio Cristiano Logos admite estudiantes de toda raza, color, nacionalidad u origen \u00e9tnico, a todos los derechos, privilegios, programas y actividades que est\u00e1n disponibles en la escuela. No discrimina en la base de raza, color, nacionalidad u origen \u00e9tnico, en la [&hellip;]<\/p>\n","protected":false},"author":1,"featured_media":0,"parent":0,"menu_order":0,"comment_status":"closed","ping_status":"closed","template":"","meta":{"footnotes":""},"class_list":["post-3951","page","type-page","status-publish","hentry"],"_links":{"self":[{"href":"https:\/\/logos.edu.do\/wp21\/wp-json\/wp\/v2\/pages\/3951","targetHints":{"allow":["GET"]}}],"collection":[{"href":"https:\/\/logos.edu.do\/wp21\/wp-json\/wp\/v2\/pages"}],"about":[{"href":"https:\/\/logos.edu.do\/wp21\/wp-json\/wp\/v2\/types\/page"}],"author":[{"embeddable":true,"href":"https:\/\/logos.edu.do\/wp21\/wp-json\/wp\/v2\/users\/1"}],"replies":[{"embeddable":true,"href":"https:\/\/logos.edu.do\/wp21\/wp-json\/wp\/v2\/comments?post=3951"}],"version-history":[{"count":7,"href":"https:\/\/logos.edu.do\/wp21\/wp-json\/wp\/v2\/pages\/3951\/revisions"}],"predecessor-version":[{"id":3959,"href":"https:\/\/logos.edu.do\/wp21\/wp-json\/wp\/v2\/pages\/3951\/revisions\/3959"}],"wp:attachment":[{"href":"https:\/\/logos.edu.do\/wp21\/wp-json\/wp\/v2\/media?parent=3951"}],"curies":[{"name":"wp","href":"https:\/\/api.w.org\/{rel}","templated":true}]}}