{"id":3530,"date":"2021-12-21T15:15:48","date_gmt":"2021-12-21T19:15:48","guid":{"rendered":"http:\/\/logos.edu.do\/wp21\/?page_id=3530"},"modified":"2025-09-08T10:22:46","modified_gmt":"2025-09-08T14:22:46","slug":"fundacion-educativa-logos","status":"publish","type":"page","link":"https:\/\/logos.edu.do\/wp21\/fundacion-educativa-logos\/","title":{"rendered":"Fundaci\u00f3n Educativa LOGOS"},"content":{"rendered":"<p>[vc_row full_width=\u00bbstretch_row\u00bb css=\u00bb.vc_custom_1455947018263{padding-top: 45px !important;padding-bottom: 40px !important;background-color: #ffffff !important;}\u00bb][vc_column][stm_title subtitle_color=\u00bbdark-gray\u00bb subtitle_enable=\u00bbtrue\u00bb title=\u00bbProp\u00f3sito\u00bb]<\/p>\n<ol>\n<li>Ofrecer toda la colaboraci\u00f3n necesaria para fomentar el desarrollo de diferentes instituciones relacionadas con la educaci\u00f3n.<\/li>\n<li>Prestar servicios en las \u00e1reas generales de acci\u00f3n que se indican a continuaci\u00f3n:<\/li>\n<\/ol>\n<ol style=\"list-style-type: lower-alpha;\">\n<li>Desarrollo de pol\u00edticas para la administraci\u00f3n de escuelas.<\/li>\n<li>Desarrollo y captaci\u00f3n de recursos humanos y materiales para las operaciones de dichos centros.<\/li>\n<li>Apoyo de programas de entrenamientos y actualizaci\u00f3n del personal de las escuelas.<\/li>\n<\/ol>\n<p>[\/stm_title][stm_title subtitle_color=\u00bbdark-gray\u00bb subtitle_enable=\u00bbtrue\u00bb title=\u00bbMisi\u00f3n\u00bb]Servir de apoyo integral a escuelas para que trabajen en un clima que fomente la interacci\u00f3n positiva hogar-escuela-estudiante.[\/stm_title][stm_title subtitle_color=\u00bbdark-gray\u00bb subtitle_enable=\u00bbtrue\u00bb title=\u00bbVisi\u00f3n\u00bb]Las escuelas podr\u00e1n implementar pol\u00edticas operativas actualizadas y adecuadas a sus entornos que les permitir\u00e1n elevar su nivel docente, crear un v\u00ednculo con las familias y desarrollar en los estudiantes los aspectos intelectuales, f\u00edsicos, espirituales y sociales que necesitan para impactar positivamente su comunidad.[\/stm_title][stm_title subtitle_color=\u00bbdark-gray\u00bb subtitle_enable=\u00bbtrue\u00bb title=\u00bbObjetivos\u00bb]La Fundaci\u00f3n Educativa LOGOS proveer\u00e1 a los padres asistencia en diversas \u00e1reas:<\/p>\n<ol>\n<li>Orientaci\u00f3n a los padres a trav\u00e9s de charlas.<\/li>\n<li>Reforzamiento de habilidades b\u00e1sicas de lecto-escritura de acuerdo a los diferentes niveles educativos del centro escolar.<\/li>\n<li>Soporte en el \u00e1rea administrativa para manejo de recursos.<\/li>\n<li>Apoyo a las escuelas para ofrecer programas de inform\u00e1tica, tecnolog\u00eda y ciencias que vayan de acuerdo a los curr\u00edculums vigentes.<\/li>\n<li>Apoyo a las escuelas para desarrollar programas de educaci\u00f3n f\u00edsica y art\u00edstica<\/li>\n<li>Colaboraci\u00f3n en la implementaci\u00f3n de programas de econom\u00eda dom\u00e9stica<\/li>\n<li>Apoyo en la preparaci\u00f3n de talleres y capacitaciones a maestros<\/li>\n<li>Apoyo en las evaluaciones psicol\u00f3gicas y docentes a los estudiantes<\/li>\n<\/ol>\n<p>[\/stm_title][\/vc_column][\/vc_row][vc_row full_width=\u00bbstretch_row\u00bb css=\u00bb.vc_custom_1640140793376{padding-top: 45px !important;padding-bottom: 40px !important;background-color: #f8f8f8 !important;}\u00bb][vc_column][stm_title subtitle_color=\u00bbdark-gray\u00bb subtitle_enable=\u00bbtrue\u00bb title=\u00bbJunta Directiva\u00bb]La Junta Directiva LOGOS se encarga de emitir las pol\u00edticas educativas y administrativas que mantengan la filosof\u00eda escolar, y de velar para que dichas pol\u00edticas sean implementadas con el fin de lograr los objetivos propuestos.[\/stm_title][stm_teachers teachers_category=\u00bbjunta\u00bb count=\u00bb9&#8243;][\/vc_column][\/vc_row][vc_row disable_element=\u00bbyes\u00bb css=\u00bb.vc_custom_1640140238176{padding-top: 38px !important;padding-bottom: 89px !important;}\u00bb][vc_column offset=\u00bbvc_col-lg-8 vc_col-md-8&#8243;][stm_title title_tag=\u00bbh3&#8243; sep_enable=\u00bbtrue\u00bb title=\u00bbSenior Leadership Team\u00bb sep_margin_b=\u00bb50px\u00bb][\/stm_title][vc_column_text css=\u00bb.vc_custom_1451968765582{margin-bottom: 0px !important;}\u00bb]<\/p>\n<table class=\"stm-staff-table\">\n<thead>\n<tr>\n<th>Title<\/th>\n<th>Name<\/th>\n<th>Qualifications<\/th>\n<\/tr>\n<\/thead>\n<tbody>\n<tr>\n<td>Principal<\/td>\n<td>Mrs J. McQuaid<\/td>\n<td>BSc (Hons)<\/td>\n<\/tr>\n<tr>\n<td>Vice Principal<\/td>\n<td>Mrs S. Monk<\/td>\n<td>BEd<\/td>\n<\/tr>\n<tr>\n<td>Vice Principal<\/td>\n<td>Mr S. McGuinness<\/td>\n<td>BSc (Hons), NPQH, PGDip (Ed)<\/td>\n<\/tr>\n<tr>\n<td>Chief Operating Officer \u2014 School&#8217;s Multi-Academy Trust<\/td>\n<td>Mr S. Beeson<\/td>\n<td>BA (Hons), FCCA<\/td>\n<\/tr>\n<tr>\n<td>Assistant Vice Principal<\/td>\n<td>Mr D. Bannister<\/td>\n<td>BA (Hons)<\/td>\n<\/tr>\n<tr>\n<td>Head of Sixth Form<\/td>\n<td>Miss J. Armstrong<\/td>\n<td>BSc (Hons)<\/td>\n<\/tr>\n<tr>\n<td>Assistant Vice Principal<\/td>\n<td>Mr N. Giles<\/td>\n<td>BEc, MA<\/td>\n<\/tr>\n<\/tbody>\n<\/table>\n<p>[\/vc_column_text][\/vc_column][vc_column offset=\u00bbvc_col-lg-4 vc_col-md-4&#8243;][stm_title title_tag=\u00bbh3&#8243; sep_enable=\u00bbtrue\u00bb title=\u00bbFAQ\u00bb sep_margin_b=\u00bb50px\u00bb][\/stm_title][vc_tta_accordion gap=\u00bb4&#8243; c_position=\u00bbright\u00bb active_section=\u00bb1&#8243; style=\u00bboutline\u00bb shape=\u00bbsquare\u00bb color=\u00bbsky\u00bb][vc_tta_section title=\u00bbJack Petchey Awards Evening?\u00bb tab_id=\u00bb1451476878677-6ddc75ec-51a1&#8243;][vc_column_text]Private yet affordable elementary school offering a stimulating curriculum and a supportive environment.[\/vc_column_text][\/vc_tta_section][vc_tta_section title=\u00bbHolocaust Survivor visits our school?\u00bb tab_id=\u00bb1451476902842-f2d4696e-a412&#8243;][vc_column_text]Private yet affordable elementary school offering a stimulating curriculum and a supportive environment.[\/vc_column_text][\/vc_tta_section][vc_tta_section title=\u00bbChildren in Need Armistice Day?\u00bb tab_id=\u00bb1451476912364-89c94fe3-8b72&#8243;][vc_column_text]Private yet affordable elementary school offering a stimulating curriculum and a supportive environment.[\/vc_column_text][\/vc_tta_section][\/vc_tta_accordion][\/vc_column][\/vc_row]<\/p>\n","protected":false},"excerpt":{"rendered":"<p>[vc_row full_width=\u00bbstretch_row\u00bb css=\u00bb.vc_custom_1455947018263{padding-top: 45px !important;padding-bottom: 40px !important;background-color: #ffffff !important;}\u00bb][vc_column][stm_title subtitle_color=\u00bbdark-gray\u00bb subtitle_enable=\u00bbtrue\u00bb title=\u00bbProp\u00f3sito\u00bb] Ofrecer toda la colaboraci\u00f3n necesaria para fomentar el desarrollo de diferentes instituciones relacionadas con la educaci\u00f3n. Prestar servicios en las \u00e1reas generales de acci\u00f3n que se indican a continuaci\u00f3n: Desarrollo de pol\u00edticas para la administraci\u00f3n de escuelas. Desarrollo y captaci\u00f3n de recursos humanos [&hellip;]<\/p>\n","protected":false},"author":1,"featured_media":0,"parent":0,"menu_order":0,"comment_status":"closed","ping_status":"closed","template":"","meta":{"footnotes":""},"class_list":["post-3530","page","type-page","status-publish","hentry"],"_links":{"self":[{"href":"https:\/\/logos.edu.do\/wp21\/wp-json\/wp\/v2\/pages\/3530","targetHints":{"allow":["GET"]}}],"collection":[{"href":"https:\/\/logos.edu.do\/wp21\/wp-json\/wp\/v2\/pages"}],"about":[{"href":"https:\/\/logos.edu.do\/wp21\/wp-json\/wp\/v2\/types\/page"}],"author":[{"embeddable":true,"href":"https:\/\/logos.edu.do\/wp21\/wp-json\/wp\/v2\/users\/1"}],"replies":[{"embeddable":true,"href":"https:\/\/logos.edu.do\/wp21\/wp-json\/wp\/v2\/comments?post=3530"}],"version-history":[{"count":19,"href":"https:\/\/logos.edu.do\/wp21\/wp-json\/wp\/v2\/pages\/3530\/revisions"}],"predecessor-version":[{"id":3894,"href":"https:\/\/logos.edu.do\/wp21\/wp-json\/wp\/v2\/pages\/3530\/revisions\/3894"}],"wp:attachment":[{"href":"https:\/\/logos.edu.do\/wp21\/wp-json\/wp\/v2\/media?parent=3530"}],"curies":[{"name":"wp","href":"https:\/\/api.w.org\/{rel}","templated":true}]}}